 + 71. What is d(7)?
-69
Let v = -300 + 305. Let b be v + -1 + -3 + (-2)/(-2). Let z(y) = -3*y**2 - 2*y + 3. Calculate z(b).
-13
Let r = 407243 - 407236. Let p be (-2)/(-2) + (-1)/(-1). Let a(b) = 6*b - b**2 - 1 + 0*b**p - 6. Calculate a(r).
-14
Let u(q) = -11*q + 56. Suppose 2*b + 4*r - 16 = 0, 0 = -6*r + 4*r + 2. Determine u(b).
-10
Let v = 171 - 200. Let a = v - -34. Let z(x) be the second derivative of -x**3/6 - 3*x. Give z(a).
-5
Let v(j) = 3*j**3 - 9*j**2. Let h(i) = -16*i**3 + 46*i**2. Let x(u) = 2*h(u) + 11*v(u). Suppose 3*w = 4*a - 1, 7*a - 12*a = -w - 26. Determine x(a).
0
Let g(q) = 1238*q**3 - 2 - 1241*q**3 + 1869*q**2 - 1864*q**2 + q. What is g(2)?
-4
Let u = 1 - 7. Let j(h) = 5*h**2 - 39*h + 1. Let w(n) = n**2 - 6*n - 1. Let x(q) = -j(q) + 6*w(q). Calculate x(u).
11
Let p(b) = -b**3 - b**2 + 2*b - 1. Let f(u) = -2*u**3 - 22*u**2 + 2*u + 38. Let y(z) = -f(z) - 2*p(z). What is y(-6)?
0
Let x(l) = 67*l**2 - 24*l**3 - 45*l + 11 - 68*l**2 + 39*l**3 - 14*l**3. Determine x(7).
-10
Let i(w) = 8*w - 4*w + 7 - w**2 - w. Suppose 0 = 16*y - 50*y + 91 + 79. Calculate i(y).
-3
Suppose 4*s - 78*s - 14 + 162 = 0. Let h(t) = -11*t - 6. What is h(s)?
-28
Suppose -4*n + 28 = -4*c, -7*n + 6*n = -5*c + 5. Let s(y) be the third derivative of 0 - n*y**2 + 0*y - 1/60*y**5 - 5/24*y**4 + 1/2*y**3. Give s(-3).
9
Let m = -209 + 212. Let b(p) = 15 - 7 - 9*p**2 - p**2 - p**m + p. What is b(-10)?
-2
Let l(k) = 14 + 2*k + 40 - 3*k - 6*k - 27. Let h be l(3). Let z(b) = -b + 7. What is z(h)?
1
Suppose 0 = -3*k + k + s - 10, 20 = 5*s. Let g be 6 - (3 - 43)/(-10). Let t(l) = -7*l + 0*l - 9 + 22 - 16 + g*l. Calculate t(k).
12
Let j(o) = 12492 + 8*o + o**2 + 0*o**2 - 12489. Suppose 3*a = 1 - 19. Determine j(a).
-9
Let z(c) = -c**2 - c - 6. Let r(m) be the first derivative of -2*m**2 - 100*m + 45. Let s be r(-25). Give z(s).
-6
Let v = 1846 - 1837. Let j(c) = 1 - 4*c**2 - 14 + 5*c**2 - 8*c + c. What is j(v)?
5
Let n(j) = 58 + 2*j**3 + 15*j - 18 - 34 + 18*j**2. What is n(-8)?
14
Let o(t) be the third derivative of t**4/24 + t**3/2 - t**2. Let u(y) = -3570*y - 8. Let b be u(0). Give o(b).
-5
Suppose s = -s + 8. Let l(d) = 25*d + 46. Let u(p) = 20*p + 38. Let t(k) = -5*l(k) + 6*u(k). Determine t(s).
-22
Suppose 0 = 4*f - 2*l + 1 - 13, -4*f = -l - 14. Suppose 5*s - f*t + 0 - 4 = 0, -s + 5*t = -5. Let a(x) = 3 - x**2 - x - 6 + 18 + 0*x**2. Determine a(s).
15
Let h(u) = -u**2 - 9*u - 2. Let k be (3/6)/((-3)/6). Let i(w) = -35*w - 2. Let y be i(k). Suppose 20 = -4*r - 3*d + 5*d, 3*r + 3*d + y = 0. Determine h(r).
12
Let a(x) = -3*x + 5. Suppose -2*d - 74 = -80. What is a(d)?
-4
Let w be 4/(-6) + 22/6. Let i(z) = -z - 5*z**3 + 4*z**w + z**2 + 0*z**3. Let y be (2/(-20)*5)/(3/(-12)). Determine i(y).
-6
Let k(b) = -7*b**2 - b + 5. Let g(s) be the third derivative of -s**5/60 + s**4/24 - s**2 - 9. Let w(n) = -6*g(n) + k(n). What is w(-6)?
11
Let f(l) = -2*l + 6. Let g(b) = 19*b - 6. Let j be g(5). Suppose -648*w + 5*h = -643*w - 445, -5*h - 255 = -3*w. Let m = w - j. Calculate f(m).
-6
Let j(m) = 144*m - 48. Let r(o) = 73 - 5*o - 70 - 4*o. Let c(w) = 2*j(w) + 33*r(w). Calculate c(3).
-24
Let m(v) = 119*v - 279 + 56 - 154*v - 85. Give m(-9).
7
Let i(l) = -22639 + 45275 - 22632 - 16*l. What is i(7)?
-108
Let y(k) = k**3 + 18*k**2 + 13*k - 70. Suppose -1147 - 604 = 103*h. Determine y(h).
-2
Suppose -2*p - 5*t = 39, 139*p + 63 = 135*p - 5*t. Let f(v) = -8*v - 108. Calculate f(p).
-12
Let j(t) = -t**3 - 13*t**2 + 7*t + 100. Let p(v) = -2*v**3 - 29*v**2 + 13*v + 199. Let k(y) = -5*j(y) + 2*p(y). Calculate k(-5).
-7
Let h(k) = -16*k - 1299. Let p be h(-81). Let r(u) = -u**3 - u**2 + 5*u + 6. Give r(p).
9
Let r(f) = f**2 - 3*f - 5. Suppose 0 = -14*q + 8*q + 402. Let h = 72 - q. Calculate r(h).
5
Let f = -22 - -28. Let h(n) = n**3 + n + 11. Let s be h(0). Let y(x) = -x + 3 - 6 + s. Determine y(f).
2
Let m(z) = 8 - 3 - z + 25 + 91957*z**2 - 2*z**3 - 91943*z**2 - 3. Give m(7).
20
Let g(i) be the first derivative of 2*i**3 - 5*i - 1/4*i**4 + 25 - 3/2*i**2. Let t be 2*(50/(-4))/(-5). Calculate g(t).
5
Suppose -5*m + 110 = 5*x - 0*m, -3*x + 2*m + 86 = 0. Let t(v) = -26 + 104 - 21 - x + v - 22. Calculate t(-7).
2
Let k be (1 - 0)*(3 + -3). Let v(j) = j**3 + 3*j + k*j**3 + 0*j + 7*j**2 + 8. Let x(h) = -20*h**2 + 1101*h - 62. Let s be x(55). Calculate v(s).
-13
Let a(v) = -5*v - 2. Let o be (-12)/(-16) + (-61)/(-4). Let l(m) = -21 - 9 - 2*m - 3*m + 7*m. Let s be l(o). Determine a(s).
-12
Suppose 15 = -2*s + 29. Suppose 109 - 95 = -s*p. Let n(o) = -6*o - 2. What is n(p)?
10
Let f(w) = w - 3. Suppose -5*r = -d - 25, 0 = -r + 5*d - 2*d - 9. Let v(n) = -2*n + n**3 + r - 4 - 5*n**2 - 8 + 2*n**2. Let s be v(4). Give f(s).
-1
Let h(m) = -19*m**2 + 38*m + 1. Let r(s) = 7*s**2 - 13*s. Let d(z) = -5*h(z) - 14*r(z). Determine d(-6).
-65
Let t(o) = -o**3 + 3*o**2 - o + 1. Let g(c) = 5*c - 2. Let s be g(0). Let l be 5 + 6*1/s. What is t(l)?
3
Suppose 0 = 4*l - 13*l + 27. Let x(g) = -66*g**l - 5*g + 3 + 65*g**3 - 3*g + 8*g**2. Let y = 25 - 18. What is x(y)?
-4
Let y(l) = l - l**2 - 20 - 49 + 0*l**2 + 89 - l**3 - 18. Calculate y(-4).
46
Let k(j) = -5*j - 11*j + 80 + j**2 - 73 + j**3 - 16*j**2. Determine k(16).
7
Let f be (-270)/40 - (-120)/32. Let p(z) be the first derivative of -z**4/4 - z**3/3 + 3*z**2/2 - 4*z + 2. Determine p(f).
5
Suppose 10 = 2*h + 8*h. Suppose 3*c - 17 = 2*c. Let x(b) = -b**2 - 7*b**3 + 17 - c. Determine x(h).
-8
Suppose -2*t = -t - 1. Suppose 36*z - 33*z - 6 = 0. Let v(a) = -410*a**2 - 407*a**z + 6*a**3 + 817*a**2. Calculate v(t).
6
Let q(s) be the second derivative of s**4/12 + s**3/2 - 21*s**2 - 868*s. Calculate q(5).
-2
Let q be 1 - (-9 + (-8)/(-2))*1. Let d(h) = q*h + 895 + 895 - 1792 - h. Determine d(3).
13
Let b(j) = -4 - 74*j**2 + 21*j**2 + 29*j**2 + 27*j**2 - 13*j**3. What is b(-2)?
112
Let t(x) = -67*x**2 + 7*x - 13. Let m(c) = -134*c**2 + 16*c - 29. Let z(v) = -4*m(v) + 9*t(v). Calculate z(-1).
-67
Suppose 0 = -p + 4*f + 32, 14*p - 18*p - 5*f = -23. Let x(i) = -6*i - 24. Calculate x(p).
-96
Let q be ((-25)/(-5) + -5)*(-1 - 0). Let n be -11 - -7 - (q - -6). Let w(j) be the second derivative of -j**4/12 - 3*j**3/2 + 2*j**2 - 15*j. Give w(n).
-6
Let y(q) be the first derivative of -q**4/4 - q**3 + 7*q**2 - 13*q - 12722. Give y(2).
-5
Let z(l) = -1558*l + 3248*l - 40 - 1692*l. Determine z(-4).
-32
Let d be (93 - 78)*-3*(-2)/15. Let l(n) = -n**2 - n - 3. Let t(x) = -2*x. Let c(q) = l(q) - 3*t(q). Calculate c(d).
-9
Suppose 8 = -4*s + 3*q, 5*s + 11*q - 16*q = 0. Let w(a) = a**2 + 7*a + 8. Give w(s).
16
Let y = 241 + -190. Suppose 35*f - 89 = y. Let u(g) = -2*g**2 + 7. Give u(f).
-25
Suppose 5*x - 4*k = 7, k - 2*k + 2 = 0. Let d(j) = -7*j**x + 13*j + 3*j - 24*j + 6*j**3 - 3 + 7*j**2. Determine d(6).
-15
Let k(g) = 2*g**2 - 9*g + 3. Suppose 0 = -x - 9 + 6. Let m(q) = -10*q - 24. Let u be m(x). Calculate k(u).
21
Let p be 189/126*(2 - 0). Let v(w) be the second derivative of w**4/12 - 2*w**3/3 + 2*w**2 - 2*w - 41. Calculate v(p).
1
Let c(n) = n**3 - 4*n**2 + n. Let t be (-152)/(-10) + -5 + (-1)/5. Let d be (-13 + 13)/(1 + -2) + t. Let m be 16/d*(-25)/(-10). Determine c(m).
4
Suppose -4*u - 35*g + 32*g - 9 = 0, 4 = -2*u - 2*g. Let p(x) be the first derivative of -x**2/2 - 3*x - 3. Determine p(u).
0
Let h(t) be the first derivative of -t**4/4 + t**3/3 - t**2 - 4*t - 42. Let g be h(0). Let k(j) = 0 + j - 4 - 1. Calculate k(g).
-9
Let o(t) be the second derivative of t**4/12 + 23*t**3/6 + 48*t**2 - 9819*t. Give o(-18).
6
Let s(d) = 30*d + 28. Let n = -8606 - -8605. Determine s(n).
-2
Suppose r - 5*o - 49 = 0, 6 + 37 = 2*r + o. Let c(i) = -25*i - r*i - i**2 + 3*i**3 - i**3 + 50*i. Give c(1).
2
Let t(n) = -3*n + 32. Let b be t(12). Let j(d) = -d**2 - 8*d - 18. Let h be j(b). Let r(m) = m + 1. Calculate r(h).
-1
Let u(b) = b**2 + 4*b + 1. Suppose 55 = -4*m + 775. Let k = 102 - m. Let v = -83 - k. What is u(v)?
6
Let d be (-4)/14 + ((-44)/(-7) - -3). Suppose -d*x = -4*x - 20. Let f(a) = -a**2 + 6*a - 6. Let l be f(x). Let j(o) = o**2 - o - 2. What is j(l)?
0
Let p(v) = -5*v + 8 - 7 + 7 + 8. Calculate p(14).
-54
Let c(i) = i**3 + 5*i**2 - 3*i + 1. Suppose -410*r + 421*r - 264 = 0. Let h be (-2)/(2/3)*-12. Suppose 2*g = -h + r. Calculate c(g).
-17
Let d = 190 - 112. Suppose -3*j + 16*j - d =